+ -16 - (19 + 1)?
14
Evaluate 3 + 8 + (-32 - (3 + (1 - 1))).
-24
Calculate -1 + (-7 - 0) + -9 + (22 - 10).
-5
Calculate (13 - (-14 + 24)) + -8.
-5
What is the value of -7 + (9 - 1 - -9) - -3?
13
Evaluate 33 + -10 - (21 - (19 - 9)).
12
What is the value of (-12 - -7 - 10 - 0) + 20?
5
Evaluate 65 + -58 + 11 + 12.
30
Calculate (-16 - -12 - -9) + -1 - (4 - 21).
21
(205 - 211) + (3 - 0)
-3
Evaluate -30 + -5 + 17 + 20.
2
What is 347 + -346 + 0 + 0?
1
What is 14 + (-15 - -4) + 8?
11
(-8 - (-4 + 0) - -4) + 3 + 11
14
Evaluate 5 - (22 + (-3 - -4)).
-18
What is -4 - -8 - ((-2 - -8) + -20)?
18
Evaluate 10 + (7 - (9 + -3)).
11
What is -15 + -13 + 5 - -47?
24
Calculate 29 + -22 + -19 + 14.
2
Calculate ((9 - -2) + -6 - 7) + 9.
7
Evaluate -625 - -614 - (-47 - (1 - 0)).
37
What is 123 + -124 - (3 + -3 + 20 - 1)?
-20
What is (5 + -6 - -2) + -7 + (26 - 13)?
7
What is 34 - 66 - -34 - (2 + -1 + -8)?
9
What is the value of -17 + (21 - 11) - (-7 + 4)?
-4
29 + (-1 - 0) + (-1 - 12)
15
(9 - -32 - 2) + -12 + -10
17
Calculate -23 + (-6 + 2 - -16).
-11
-65 + (12 - -20) + 43
10
Calculate -3 - (4 - (8 + 6 + -10)).
-3
What is 6 + -6 + -2 - -21 - 8?
11
What is the value of (-6 + 1 - -7) + (-11 - -5)?
-4
-4 - (9 + -14 + (-1 - -4))
-2
What is 0 + (-1 - -3) - (-3269 - -3252)?
19
-17 + (-8 - -31) - 8
-2
-18 - (-1 + (7 - 10 - 3))
-11
Evaluate -111 - -109 - (-2 + -1 + 11).
-10
What is the value of 5 + -8 + (3 - 0 - -5)?
5
What is the value of 1 + 12 - (-25 + 60)?
-22
-6 + -78 + 54 + 2 + 1 + 2
-25
Evaluate 0 - (-10 + 17 + -10 + -3).
6
12 - 19 - (16 + -14 + 3)
-12
Calculate (-1 - -3) + 33 + -38 - 5.
-8
17 + -33 + 21 - (-1 - -1)
5
What is -3 + -7 + 4 - -9?
3
Calculate 4 + 7 + 0 + (162 - 153).
20
(-1 - 1) + -96 + 79 + 1 + 8
-10
What is -36 - -23 - (14 - 43)?
16
What is the value of (-5 - -10) + -2 + 0 - (26 - 13)?
-10
What is 7 + (-8 - 5) + -83 + 56?
-33
What is (-126 - -132) + -9 + -4?
-7
Evaluate 6 + -11 + 11 + 8 + -4 + -13.
-3
What is the value of -9 + (4 - (2 + 5 - 14 - -8))?
-6
(-21 - -34 - 0) + (-10 - 1)
2
(-7 - -3 - 5) + -9 - (1 - 5)
-14
What is the value of (4 + 2 - 12) + 1 + 3 - 6?
-8
Evaluate -6 + (6 - 14) + 4 + 7.
-3
What is 2 + (-2 - (-3 - -14 - 1))?
-10
Evaluate -7 + (-3 - 9) - (-1 + 3 - 8).
-13
Calculate 16 - 5 - (6 - -33) - -13.
-15
Evaluate -23 + 14 - ((-2 - 0) + -16).
9
Evaluate (6 - (21 + -3)) + 13.
1
Evaluate (8 - -7) + -28 + 13.
0
What is -3 + (14 - (4 - (5 - 11)))?
1
What is the value of -8 + 26 + -8 + -9 - (2 + 7)?
-8
Calculate (4 - (-5 - -4 - -3)) + 0 - 5.
-3
What is the value of -27 - -2 - (-7 + 36 + -34)?
-20
What is the value of -14 - (-13 - (2 + 3 - 5))?
-1
What is the value of (0 - 26) + (712 - 679)?
7
What is 5 + 1 - (-7 + 19 + -10 + -2)?
6
-98 + 131 + (-43 - -3)
-7
7 + 0 + -259 + 242
-10
What is the value of -76 + (-44 - (-10 + -78))?
-32
Calculate 85 + -70 + (-4 - (1 - -1)).
9
What is 0 - (-15 - -11) - -3 - 0?
7
Calculate 10 + (-21 - (5 - (1 + 12))).
-3
What is (-26 - -59) + -16 + -2 + 3?
18
What is the value of 5 + 0 + 5 - (10 + -4) - -6?
10
Calculate -3 + 17 + 4 + 5 - 12.
11
Evaluate 23 + -1 - (527 + -508).
3
Evaluate 82 + -93 + (3 + -7 - 5).
-20
Evaluate 11 + (1 - (-1 + 10)) - 17.
-14
What is the value of -19 - 0 - ((1 - 3) + -9)?
-8
What is the value of 6 + -1 - (0 + 2 - (27 - 37))?
-7
What is (-30 - 6) + 26 + -3?
-13
Calculate (4 + -2 + 1 - 0) + -47 + 47.
3
What is 128 + -128 + 1 + 14 - 7?
8
Evaluate 23 + (0 - 3) - (31 + (9 - 44)).
24
-9 + (-6 - -23 - 1) + -17
-10
What is the value of 3 - (11 + -31 + 11)?
12
Calculate -46 - -50 - (-6 + 0).
10
What is 1 - (-5 - 6 - -4 - -2) - 34?
-28
What is the value of (-12 - 7) + (10 - 3) - -3?
-9
What is the value of 2 - -34 - 1 - (-45 - (0 + -54))?
26
Evaluate 7 + (6 - 6) - (18 + (2 - 1)).
-12
Calculate -6 + 6 + -6 + 4 + (-1 - 5).
-8
Evaluate 17 + (-11 - 0) + 27.
33
Evaluate -6 - (-7 + -6 - 0).
7
24 + -23 + (15 - 11)
5
What is -303 + 310 - ((0 - 0) + -2 - -2)?
7
What is -21 - (-15 - -35) - -19?
-22
What is the value of 16 + -13 - 0 - 2?
1
18 - 4 - (-3 - -21)
-4
Evaluate -15 - (18 - (-18 + 61)).
10
Evaluate (148 - 159) + (3 - 14).
-22
12 - (19 - -1) - -9
1
Evaluate 17 + -5 + (1 - 7).
6
Evaluate (-4 - 10) + (18 - 2).
2
Calculate -7 + -10 + 25 + -14 + (3 - 1).
-4
Calculate 4 + (1 - (8 + -8) - -7).
12
(6 - 1) + 25 + -58 + 12
-16
What is 8 - -2 - (-146 - -164)?
-8
Evaluate (48 - 55) + 23 + 1 + (-11 - -1).
7
Evaluate (-14 - 2 - -3) + 1.
-12
(36 - 40) + 0 + (22 - -2)
20
Calculate -1 + -2 + -3 + (-14 - (-14 + 14)).
-20
Calculate (-8 - (8 - 13) - 12) + 1.
-14
What is 185 + -189 - (0 + -14)?
10
Evaluate 3 + (10 - (-8 - -9)).
12
(-3 - (-2 + 2 + -2)) + (50 - 50)
-1
Evaluate -25 - (-6 - -7 - -5 - 3 - 8).
-20
Evaluate 6 + -10 + 1 + (9 - 11) - -29.
24
-17 + 10 + -2 - 17 - 7
-33
Calculate 8 - (11 - (3 + 4)) - 4.
0
Evaluate (-2 - -4) + -10 + (-3 + 1 - -5).
-5
Evaluate (253 - 242) + (-1 - 0).
10
Evaluate 1 - 2 - (-13 - (-18 + -5 + 7)).
-4
What is the value of 15 + (-21 - -3 - (-10 - -1)) + -32?
-26
What is the value of (-27 - 3) + (-54 - -75)?
-9
Evaluate -5 - -20 - -10 - 48.
-23
Calculate 5 + -4 + 8 + -9 + (7 - 11).
-4
Calculate (6 - -3) + (-3 - -10).
16
Calculate -9 - (-20 + (-1 - (14 + -24))).
2
Evaluate 4 + -15 + (-4 - ((8 - 19) + -4)).
0
What is the value of (-7 - -17) + (-1 + 5 - (-5 + 11))?
8
What is (11 - (-17 + -7 + 30)) + -4?
1
What is the value of -4 - 5 - (4 - (-9 + 13))?
-9
Calculate -3 + -3 + (-127 - -138).
5
What is the value of -12 + 8 + (2 - 13) - (0 + -4)?
-11
What is the value of -1 - 0 - (-629 + 634)?
-6
1 - (-1 + -14) - 11
5
Calculate 5 - (-6 + 12 + -4 + 8).
-5
Calculate -6 - (-3 + 1 + -1 + (-11 - 2)).
10
Evaluate -1 + 49 + 6 + 42 + -58.
38
What is the value of 25 + -22 + 11 - (16 + -6)?
4
What is the value of (6 - (29 - (11 - 14))) + 12?
-14
-6 - (-7 - (8 + -11)) - -2
0
What is the value of 11 + 0 + -7 - 13?
-9
What is the value of -68 + 51 - (3 - 2)?
-18
What is the value of -3 - 11 - -10 - (11 - (-14 + 5))?
-24
What is 1 + -29 + -288 + 299?
-17
What is 19 + 5 + -20 - 7?
-3
16 - (4 + (-1 - -3) - -4)
6
What is (-9 - -26) + -7 + -1 - (-2 + -3)?
14
Calculate (1 - -11) + (1 - (10 + -4) - 1).
6
What is the value of -9 - ((-2 - 8) + 6 - 7)?
2
(-23 - -8) + 0 - -2
-13
What is (-3 + (2 - 1) - (-102 + 86)) + -1?
13
Calculate -4 - (-18 + 1 + 11 - -6).
-4
What is the value of -7 + (-7 + 13 - 5)?
-6
What is 1 - (64 + -66 + (-5 - 0))?
8
What is the value of (-2 + 0 + 0 - 3) + (47 - 42)?
0
(44 - 16) + -23 - 31
-26
Evaluate -18 + (29 - 27) + -12 + -2.
-30
Evaluate -4 - (21 + (-19 - 10)).
4
Evaluate -19 + (12 + 0 - (0 - -8)).
-15
Calculate -14 + 45 - 8 - (0 + -2 + 14).
11
What is the value of (-6 - 40) + 193 + -168?
-21
(1 - 3) + (41 - (-2 - -17 - 3))
27
What is the value of -7 - -8 - 12 - (-8 + 9)?
-12
13 - (-11 + 8 + (-6 - -17) + 0)
5
2 + (27 - (45 - 30))
14
What is 12 - 3 - (65 + -47)?
-9
1 + ((-20 - -18) + 0 + 3 - 8)
-6
What is 5 - (4 - -2) - -6 - 7?
-2
What is the value of 3 + (8 - (-3 + 2)) - (11 - 9)?
10
Evaluate 3 + -5 + 11 + 0 - (-2 + 0).
11
What is the value of 26 + -26 - (-11 - -5)?
6
3 + -15 - (8 + 3 + -6 + 2)
-19
What is -61 - -62 - (1 + 5 - 2)?
-3
What is (1 + -3 - (-22 - -18)) + -17?
-15
-6 + (5 - ((11 - 3) + -3) - 4)
-10
Calculate 5 + -3 - -31 - (5 + 6).
22
What is -598 - -614 - (2 + (0 - 1))?
15
-5 + 1 - (30 + -52 + 20)
-2
What is (-9 - 0) + 0 + (931 - 936)?
-14
Calculate 4 + -5 - (7 + (3 - (8 - -19))).
16
What is the value of 13 + (6 - (8 - -7)) - 9?
-5
-347 + 354 + -1 + (-8 - 2)
-4
What is 27 + -52 - -27 - (-4 - 10)?
16
-63 - (-31 + -11 + 8)
-29
What is -2 - -5 - (28 + (30 - 32))?
-23
What is -74 - -82 - (-1 - -6) - (-1 + -15)?
19
What is (-5 - (11 + -18)) + -12?
-10
Evaluate -7 - (-12 - -6) - -8 - -5.
12
Calculate (-6 - (-7 - (6 - 9))) + (5 - -17).
20
What is -8 + 15 + (-17 - (-10 + 19))?
-19
What is -7 + 4 + (-18 - -11)?
-10
Evaluate -1 + (5 - -1) - (-9 + (-3 - -1)).
16
Evaluate 4 + 1 + (15 - (22 + 4)) + -23.
-29
Evaluate -12 + (1 - -5) - 0.
-6
What is the value of -4 + -2 + -103 + 122?
13
Evaluate -2 + (9 - 32 - -16) + (-1 - -5).
-5
Calculate (-11 - (5 + -13) - 0) + -3.
-6
11 + -3 - 11 - -6 - (1 - -12)
-10
What is -21 + -40 + 33 + 45?
17
Evaluate (-7 - -1) + -3 + (1 - 2) + 3.
-7
What is the value of 0 + -6 + 6 - 4 - 2?
-6
Evaluate 301 - 309 - (-4 - -2 - (-16 - 4)).
-26
Evaluate 6 + -8 + -6 + 24 + -